 is the value of -1 + -7 + 1 + (-23 + 20 - 0)?
-10
What is 27 + (11 - (23 + (-1 - 0)))?
16
Evaluate 11 - ((909 - 902) + 2 + 0 + 14).
-12
What is (-3 - -6) + -9 + 11 + -6?
-1
(2 - (-26 + 10)) + -27
-9
Calculate 4 - (-34 + 40 + 1 + 1 - -7).
-11
(-4 - (4 + -3)) + (-3 - 3)
-11
22 + 2 + (9 - 19)
14
Evaluate -13 + -2 - (-6 + -10 + 6).
-5
(-14 - -7 - (-4 - (3 - 2))) + 1
-1
What is the value of -57 - -46 - (-8 + -6)?
3
-16 + (11 + -13 - -4)
-14
What is the value of (-17 + -6 - -60) + -17?
20
Evaluate 19 + -33 + 15 + 11.
12
What is the value of 1 + -18 + -416 + 437?
4
Calculate 283 + -278 - (0 + 1 - -26).
-22
What is the value of (-3 - (-8 + 4 + 4)) + 11 - 9?
-1
What is 21 + (-20 - (0 - -5))?
-4
What is the value of (-13 + 36 + -36 - -17) + 0 + 7?
11
What is the value of 7 + -14 + -1 - -2?
-6
-10 - (-18 + 13 - -17 - 16)
-6
What is -9 - (-9 - (-11 - -13)) - 10?
-8
What is 27 + -40 - (3 + -6)?
-10
What is -28 + 12 + -6 - (0 - -2 - -2)?
-26
-6 + (-8 + (19 - 10) - (3 - 4))
-4
Calculate (10 - (5 - -16)) + 11 - -11 - 0.
11
-15 - (8 + 9 + -9 + (6 - 15))
-14
Evaluate 8 + -5 - ((13 - 12) + -7).
9
Calculate 4 - -1 - (-2 - (0 - (5 - 5))).
7
Calculate (8 - 0) + (0 + 11 - 9).
10
(49 - 47) + -1 + (6 - 3) + -1
3
Calculate (1 - 0 - (0 - 5)) + -16 - -5.
-5
Calculate 32 + (2 - 64) + 32.
2
What is -4 + 16 + -14 + -2 + -2 + 18?
12
What is -22 + 15 + 2 + -13?
-18
Evaluate (836 - 816) + (-59 - (-2 - -3)).
-40
What is the value of -5 + (4 - 5 - -5) - 0?
-1
4 + -9 - (-21 + 24 + (1 - -4))
-13
Calculate (0 - 0 - (6 + -10)) + -3 + 5.
6
(-8 - -12) + -7 + 8 + 4
9
Calculate 6 + 26 + -15 + -3.
14
(11 - 1) + 2 + (24 - (73 + -17))
-20
Calculate (-692 - -716) + 0 + (-13 - -1).
12
Evaluate (3 - (0 + 1 - 2)) + (-492 - -474).
-14
What is the value of 1 - 1 - (-91 - (55 - 174))?
-28
Calculate -43 + 11 + -3 + 24.
-11
15 + (-27 - -19) - (-3 - -14)
-4
What is -22 - (-4 - (0 + -1)) - (-35 + 29)?
-13
What is the value of (-7 - 1) + -993 + 995?
-6
What is the value of -6 - 21 - -1 - -4 - 6?
-28
1 + (-14 - -35) - (11 - 4)
15
Evaluate -16 + -7 + 18 + 5.
0
(-4 + 7 - -4) + -6 + 7 + -26
-18
Calculate -1 + (-25 - (-11 + 7)).
-22
What is the value of -10 + -2 + (-25 + 42 - -27)?
32
What is 5 + 1 - (-2 + -5 + 4 + -3)?
12
What is 6 + (9 + 4 - 4 - 8 - 8)?
-1
What is the value of -5 + 14 + -6 - -9?
12
What is 0 + (-2 - -6) + -92 + 80?
-8
12 + 4 + -8 + -11 + 11 + -3
5
Evaluate 21 + (-3 - 5) + 30 + -31.
12
Evaluate -2 + 7 + -10 - 6 - 1.
-12
What is the value of -1 + 2 + -6 + 17?
12
What is -9 - 1 - 1 - (-64 + 37 + 32)?
-16
What is the value of (-1 - (-5 - -12)) + 2 + 1?
-5
What is the value of 5 + (-2 - 7) + (-10 - -15) + 5?
6
Evaluate -24 + 7 + (-1 - -16).
-2
What is ((-8 - -19) + -3 - 2) + -4?
2
-12 + 3 - ((18 - 5) + -19)
-3
Calculate 0 + -1 + (35 - 18) + -24 + 17.
9
Evaluate -5 + -3 + 0 + 24 - 9.
7
Evaluate -7 - -12 - (8 + -7 + (8 - -9)).
-13
Calculate 15 - -12 - (5 - 0 - -10).
12
What is the value of -20 - ((-4 - (-2 - 11)) + (-9 - -3))?
-23
Evaluate 20 - (-5 + 0 + (11 - (-7 - -8))).
15
Evaluate (18 - 35) + -3 + 1.
-19
-11 + 19 + (0 - 7) + 3 + 7
11
Calculate -2 + 5 + -1 - (4 - -10).
-12
What is the value of (-16 - (6 + 0)) + 13?
-9
What is (-85 + 90 - (10 - 0)) + 12?
7
What is the value of -2 + -68 + 169 + -139?
-40
What is 12 + 2 + (-37 - -26) + 29?
32
-2 + 3 + -7 + 8 + -9
-7
Evaluate -9 - (0 + -8) - (8 + -4 + 3).
-8
What is (9 - 6 - -4) + -9 + 3?
1
What is the value of (-11 - 1) + (-16 - -17)?
-11
Calculate -4 + 14 + (-2 - (-9 - -21)) + 5.
1
Calculate -12 - ((-2 - 16) + 10).
-4
What is the value of (75 - 87 - -22) + (-1 - 4)?
5
What is 19 + (11 - (-12 + 13 + 2 + 6))?
21
What is 18 + -1 + (-45 - (-144 - -97))?
19
Calculate -26 + 46 + 2 + -13.
9
(176 - 171) + (0 - 21) + 48
32
Evaluate -22 + (13 - (12 - 7)).
-14
Evaluate 1 + 7 + (-10 - -1) + -13.
-14
Calculate 15 + -2 + -21 + 2.
-6
-36 - ((-19 - (1 - 14)) + (-1 - 1))
-28
-3 + 1 + (-88 - -130 - 58)
-18
What is the value of 55 + -19 - (-22 - -32)?
26
Evaluate (18 - (16 + -7)) + -1.
8
Evaluate -15 - -6 - -1 - (-9 + 6 - 1).
-4
Calculate (-3 - -6) + -14 + (12 - -1 - 12).
-10
-16 - ((-4 - 5) + 29 + -12)
-24
Calculate -67 + 62 - (1 - 0 - 2).
-4
Calculate -2 - (5 - (-3 - (-4 - (6 - 15)))).
-15
Calculate (-14 - -2) + (151 - 136).
3
Calculate -3 + (2 - 4 - -2) + -9 + 12.
0
Evaluate -1 + -14 - (-49 - 25 - -30).
29
(5 - 18) + 6 - (-5 - -2)
-4
30 + (14 - 7) + -21
16
What is -1 + 1 - (30 + -29)?
-1
What is the value of (5 - 1 - (17 + -17)) + 25 + -24?
5
Evaluate 2 + -14 + (5 - 9) + 22 + -1.
5
Evaluate -13 + 30 + 9 + 4 + -2.
28
What is 5 + 9 + -23 - -11?
2
What is (-11 + 18 - -11 - -2) + -7?
13
What is the value of 0 + -11 + -9 + 12?
-8
Calculate 20 + (-7 - 23) + 3 + 0 + 0.
-7
Calculate 2 - 0 - ((5 - 4) + (12 - 9)).
-2
(3 - 0) + -9 + (40 - 22) + 1
13
What is the value of -9 + (1 - -1 - (-229 + 237))?
-15
What is 3 - (8 - (-5 - (-3 - 6))) - -9?
8
Calculate 28 - (-11 + -16 + 40).
15
12 - (5 + (20 + -8 - 11))
6
Evaluate -4 + (1 - -11) + -11 + -3.
-6
Calculate -36 - (13 - (-11 + 39)) - -9.
-12
1 + -5 - (44 - (64 - 24))
-8
(1 + 41 - 10) + -12
20
What is the value of -4 + (-2 + 4 - -5) + (0 - 2)?
1
What is (-11 - -2) + 14 + (-27 - -3)?
-19
4 - (-4 - 1 - -8 - -4)
-3
Evaluate -14 + (5 + -13 - -11).
-11
15 + -9 - (3 + 0 - (17 - 16))
4
What is the value of 3 - (-4 + -5) - (-6 + -5) - 6?
17
Calculate -10 + -20 + 24 - (-2 + (31 - 4)).
-31
Calculate (23 - (33 - 11)) + -1 + 12.
12
What is the value of (-8 + -1 + 5 + 2 - 4) + 5?
-1
What is 10 + (19 + -7 - 8) + (-3 - -2)?
13
What is the value of 1 - 4 - (-7 + -45) - (12 - 4)?
41
-437 + 445 - ((-3 - -1) + -14)
24
Evaluate (-16 + 1 - 1) + -113 + 122.
-7
What is 6 - -3 - ((7 - 9) + -1 + 9)?
3
(15 - (26 + -19)) + -25
-17
27 + 3 + (-59 - -47)
18
0 + 2 - 2 - (14 + -16 + 0)
2
What is the value of -1 + 17 + (5 - 23)?
-2
What is the value of (2 - -5) + (-7 - 5)?
-5
(-16 - (-4 - -6)) + 6 + 6 - -4
-2
What is (-1 - (-15 - -7)) + -4 + 7 + -10?
0
(2 - 5) + -4 - (7 + (-29 - -8))
7
Calculate -18 - ((-8 - 1) + -20).
11
(-15 - (-4 - -1)) + 4
-8
What is 1 - (-2 - 2 - 5 - (-2 + -1))?
7
-18 + 12 + 4 + 8 - -17
23
What is -13 + (20 - (-6 - -15)) - 16?
-18
What is the value of (0 + -5 + 0 - (-16 - 4)) + 8?
23
329 + -296 + 3 + 1
37
Calculate 5 - 6 - -1 - (16 - 22).
6
Evaluate 0 - (10 - 26) - 8.
8
-7 + 19 + 2 + 4 + 21
39
What is -2 - ((12 - 23) + 23)?
-14
What is (-43 + 23 - -19) + -12?
-13
Evaluate (12 - (-6 + 21)) + 7 - (1 + 20).
-17
What is 52 + -66 - (-34 - 0)?
20
(-16 - -51) + -43 + 38
30
What is the value of 22 + -40 - (-26 + -5)?
13
What is 0 + (-16 - -4) - -5 - -34?
27
What is the value of 0 + -2 + -9 + 13?
2
Evaluate -2 + -2 + (6 - (16 - 9)).
-5
(-19 - -23) + -19 + -1 + 5 + -1
-12
Evaluate -20 + (-12 - (9 + -29 + 19)).
-31
Evaluate 8 + (-11 - (4 + 6 - 21)) + -28.
-20
Evaluate 11 + 2 + -12 - -7.
8
Calculate 1 - -4 - (3 - -15).
-13
-28 - (-9 - (-9 + -8 + 20))
-16
What is -5 - (-5 + -4 - (21 + 2))?
27
Evaluate (8 + 2 - 4 - 3) + 11.
14
Calculate -11 - (-13 + (-1 + 11 - 9)).
1
17 - (7 - (-4 - (-7 + 2))) - 3
8
-27 - (-18 - -5) - -11
-3
Evaluate -20 + 19 - (6 - ((3 - 8) + -16)).
-28
What is the value of 10 + (-28 - 27) + 14?
-31
What is 1 + 10 + (28 - 27 - 1)?
11
What is (10 - 3) + -7 - (-11 + 16) - 3?
-8
What is the value of (4 + -3 - (8 + -13 - -2)) + 11?
15
What is -4 - (-1 - (11 + -15 + 15))?
8
What is 8 - (13 + -2 + -12)?
9
Evaluate (2 - -1) + -7 + (0 - 2) + 16.
10
What is the value of 41 + -10 + -52 - -23?
2
What is 14 + (5 - 11) + 13 + -37?
-16
-1 - 14 - (59 + -69)
-5
28 + 1 + (-237 - -231)
23
8 - 0 - (-11 - -29)
-10
-2 + 2 - (0 + 13 - (-77 - -82))
-8
7 + (35 - 63 - 3)
-24
What is the value of 5 + -34 - (1 + (3 - 9))?
-24
Calculate -2 - (3 + 14 - 13).
-6
Evaluate -1 + -3 - 2 - 7.
-13
Calculate -19 + (37 - 21) + -8 + 1.
-10
-19 + -1 - (34 - 47)
-7
What is 1 + -11 + 3 + 14 - 12?
-5
What is the value of (5 - (7 - (-4 - -6))) + -1?
-1
Evaluate (8 - 41 - 15) + 56.
8
Evaluate -37 - (-39 - (-26 + 6)).
-18
1 + 5 + -3 + 9 + -6 - 13
-7
What is -2 - -19 - (37 - 43 - -3)?
20
Evaluate (9 + (1 - 1) - (403 + -401)) + 1.
8
Calculate 0 + (1 - 7) + (14 - 7).
1
Calculate 29 + 5 + -6 + -16.
12
Evaluate 26 + 3 + 8 + -38.
-1
(-4 - 0) + 3 + -5 + -7 + 4
-9
-19 + (3 - (-1 + 16 - 19))
-12
Evaluate 17 + 58 + -31 + -26.
18
-1346 + 1362 + 0 + 10
26
Calculate (35 - 19) + -10 +